{"id":997,"date":"2022-11-22T13:36:08","date_gmt":"2022-11-22T13:36:08","guid":{"rendered":"https:\/\/kako.com.hr\/webshop\/?post_type=product&#038;p=997"},"modified":"2022-11-22T13:36:09","modified_gmt":"2022-11-22T13:36:09","slug":"ridgid-aku-presa-3u1-27-75000-kn-3-68306-e","status":"publish","type":"product","link":"https:\/\/kako.com.hr\/webshop\/izaberi-i-naruci\/oprema-i-alat\/ridgid-aku-presa-3u1-27-75000-kn-3-68306-e\/","title":{"rendered":"Ridgid aku pre\u0161a 3u1   27.750,00 kn\/ 3.683,06 \u20ac"},"content":{"rendered":"<p>Ridgid aku pre\u0161a 3u1 27.750,00 kn\/ 3.683,06 \u20ac<br \/>\n<img decoding=\"async\" loading=\"lazy\" class=\"alignnone size-full wp-image-999\" src=\"https:\/\/kako.com.hr\/webshop\/wp-content\/uploads\/2022\/11\/Ridgid-aku-presa.jpg\" alt=\"\" width=\"516\" height=\"235\" srcset=\"https:\/\/kako.com.hr\/webshop\/wp-content\/uploads\/2022\/11\/Ridgid-aku-presa.jpg 516w, https:\/\/kako.com.hr\/webshop\/wp-content\/uploads\/2022\/11\/Ridgid-aku-presa-300x137.jpg 300w\" sizes=\"(max-width: 516px) 100vw, 516px\" \/><\/p>\n<p>Najsvestraniji elektri\u010dni alat na svijetu, koji posjeduje inovativni 3-u-1 QuickChange SystemTM.<\/p>\n<p>Ridgid aku pre\u0161a omogu\u0107ava Vam da brzo i jednostavno zamijenite zamjenjive glave za rezanje, stiskanje i probijanje. Sada va\u0161e najva\u017enije zadatke mo\u017eete obaviti s jednim inovativnim alatom. Nema vi\u0161e odlazaka u kamion, u potrazi za razli\u010ditim alatima. Bilo da re\u017eete \u017eicu, stiskate stopice ili probijate kutije, RE 60 vam poma\u017ee u maksimiziranju va\u0161e produktivnosti i u\u010dinkovitosti na radnom mjestu.<\/p>\n<p><strong>Tehni\u010dki podaci :<\/strong><br \/>\n\u2022 Izlazna hidrauli\u010dna sila od 60 kN za rezanje kabela do 50 mm promjera, stezanje Cu\/Al<br \/>\nstopica do 400 mm2 i probijanja okruglih rupa do 100,5 mm.<br \/>\n\u2022 Automatsko povla\u010denje klipa pri rezanju i stiskanju.<br \/>\n\u2022 Gumom oblo\u017eeni rukohvati za vrhunsku udobnost i kontrolu.<br \/>\n\u2022 Rotacija glave za 360\u00b0.<br \/>\n\u2022 Jako LED svjetlo za osvjetljenje radnog mjesta.<br \/>\n\u2022 Gumb za uklju\u010divanje\/isklju\u010divanje za onemogu\u0107avanje alata pri izmjeni glava ili prijenosu.<br \/>\n\u2022 Najlonske vezice za ve\u0107u jednostavnost uporabe.<br \/>\n\u2022 Pribli\u017eno trajanje ciklusa: 5 sekundi.<br \/>\n\u2022 Najdu\u017ei servisni interval u industriji: 32.000 ciklusa.<br \/>\n\u2022 Ugra\u0111ena dijagnostika s ugra\u0111enim senzorima i LED pokaziva\u010dima koji osiguravaju rad alata.<br \/>\n\u2022 Masa: 3,2 kg s baterijom.<br \/>\n\u2022 Komplet uklju\u010duje: RE 60 elektri\u010dni alat, 2 \u00d7 18 V Advanced Lithium baterija od 2,5 Ah, brzi<br \/>\npunja\u010d od 230 V i lijevano ku\u0107i\u0161te; dostupne konfiguracije s vi\u0161e glava.<\/p>\n<p><img decoding=\"async\" loading=\"lazy\" class=\"alignnone  wp-image-1000\" src=\"https:\/\/kako.com.hr\/webshop\/wp-content\/uploads\/2022\/11\/Ridgid-aku-presa3.jpg\" alt=\"\" width=\"438\" height=\"157\" srcset=\"https:\/\/kako.com.hr\/webshop\/wp-content\/uploads\/2022\/11\/Ridgid-aku-presa3.jpg 975w, https:\/\/kako.com.hr\/webshop\/wp-content\/uploads\/2022\/11\/Ridgid-aku-presa3-300x108.jpg 300w, https:\/\/kako.com.hr\/webshop\/wp-content\/uploads\/2022\/11\/Ridgid-aku-presa3-800x287.jpg 800w, https:\/\/kako.com.hr\/webshop\/wp-content\/uploads\/2022\/11\/Ridgid-aku-presa3-768x276.jpg 768w, https:\/\/kako.com.hr\/webshop\/wp-content\/uploads\/2022\/11\/Ridgid-aku-presa3-600x215.jpg 600w\" sizes=\"(max-width: 438px) 100vw, 438px\" \/><\/p>\n<p>Ridgid aku pre\u0161a mo\u017ee se naru\u010diti slanjem ni\u017ee navedenih podatak na kako@kako.com.hr ili pozivom na 091\/296-5745 (sve ostale info).<br \/>\nNa\u010din pla\u0107anja i detaljnije info. (prethodno se najaviti na kako@kako.com.hr ili 091\/296-5745):\u00a0 <strong>VIRMANSKI<\/strong>.<br \/>\nSvi proizvodi su novi, zapakirani, ne kori\u0161teni!<\/p>\n<p><strong>PODACI ZA NARUD\u017dBU :<br \/>\n<\/strong><\/p>\n<p>Naziv proizvoda<br \/>\nKoli\u010dina<br \/>\nIme i Prezime ili Naziv poduze\u0107a<br \/>\nAdresa slanja<br \/>\nPo\u0161tanski broj i mjesto<br \/>\nKontakt mobitel osobe koja preuzima proizvod<\/p>\n<p><a href=\"http:\/\/abarelto.hr\/article-zanimljivosti-FOR%C5%A0PAN.html\">Predstavljaju\u0107i i ostale inovativne proizvode<\/a>\u00a0svjetski renomiranih proizvo\u0111a\u010da te korisna rje\u0161enja koja oni pru\u017eaju pri radu, ovi proizvodi pru\u017eaju sigurnost i garanciju najvi\u0161eg stupnja kvalitete koja je nu\u017eno potrebna na ovom podru\u010dju rada.<\/p>\n<p>&nbsp;<\/p>\n","protected":false},"excerpt":{"rendered":"<p>Ridgid aku pre\u0161a 3u1 27.750,00 kn\/ 3.683,06 \u20ac Najsvestraniji elektri\u010dni alat na svijetu, koji posjeduje inovativni 3-u-1 QuickChange SystemTM. Ridgid aku pre\u0161a omogu\u0107ava Vam da brzo i jednostavno zamijenite zamjenjive glave za rezanje, stiskanje i probijanje. Sada va\u0161e najva\u017enije zadatke mo\u017eete obaviti s jednim inovativnim alatom. Nema vi\u0161e odlazaka u kamion, u potrazi za razli\u010ditim [&hellip;]<\/p>\n","protected":false},"featured_media":998,"comment_status":"open","ping_status":"closed","template":"","meta":{"_monsterinsights_skip_tracking":false,"_monsterinsights_sitenote_active":false,"_monsterinsights_sitenote_note":"","_monsterinsights_sitenote_category":0},"_links":{"self":[{"href":"https:\/\/kako.com.hr\/webshop\/wp-json\/wp\/v2\/product\/997"}],"collection":[{"href":"https:\/\/kako.com.hr\/webshop\/wp-json\/wp\/v2\/product"}],"about":[{"href":"https:\/\/kako.com.hr\/webshop\/wp-json\/wp\/v2\/types\/product"}],"replies":[{"embeddable":true,"href":"https:\/\/kako.com.hr\/webshop\/wp-json\/wp\/v2\/comments?post=997"}],"wp:featuredmedia":[{"embeddable":true,"href":"https:\/\/kako.com.hr\/webshop\/wp-json\/wp\/v2\/media\/998"}],"wp:attachment":[{"href":"https:\/\/kako.com.hr\/webshop\/wp-json\/wp\/v2\/media?parent=997"}],"curies":[{"name":"wp","href":"https:\/\/api.w.org\/{rel}","templated":true}]}}