{"id":929,"date":"2021-11-29T10:45:22","date_gmt":"2021-11-29T10:45:22","guid":{"rendered":"http:\/\/kako.com.hr\/webshop\/?post_type=product&#038;p=929"},"modified":"2022-09-04T17:12:44","modified_gmt":"2022-09-04T17:12:44","slug":"dehn-industrijski-usisavac-11-58000-kn","status":"publish","type":"product","link":"https:\/\/kako.com.hr\/webshop\/izaberi-i-naruci\/oprema-i-alat\/dehn-industrijski-usisavac-11-58000-kn\/","title":{"rendered":"DEHN INDUSTRIJSKI USISAVA\u010c 11.580,00 kn\/ 1.536,93 \u20ac"},"content":{"rendered":"<p>DEHN 785310 HIS 1600 INDUSTRIJSKI USISAVA\u010c 11.580,00 kn\/ 1.536,93 \u20ac<br \/>\nOstale info &amp; izvod iz kataloga na pojedina\u010dni upit.<\/p>\n<p>DEHN INDUSTRIJSKI USISAVA\u010c mo\u017ee se naru\u010diti slanjem ni\u017ee navedenih podatak na kako@kako.com.hr ili pozivom na 091\/296-5745 (sve ostale info).<br \/>\nNa\u010din pla\u0107anja (prethodno se najaviti na kako@kako.com.hr ili 091\/296-5745): <strong>POUZE\u0106E<\/strong> ili <strong>VIRMANSKI<\/strong>.<\/p>\n<p><strong>PODACI ZA NARUD\u017dBU :<br \/>\n<\/strong>Naziv proizvoda<br \/>\nKoli\u010dina<br \/>\nIme i Prezime ili Naziv poduze\u0107a<br \/>\nAdresa slanja<br \/>\nPo\u0161tanski broj i mjesto<br \/>\nKontakt mobitel osobe koja preuzima proizvod<\/p>\n<p>U ponudi je sljede\u0107a <a href=\"http:\/\/kako.com.hr\/webshop\/product-category\/oprema-i-alat\/\">oprema i alat<\/a> za elektroenergetske, gra\u0111evinske, komunalne i ostale vrste radova:<br \/>\n1. For\u0161pan sajla \u2013 od 10 d0 300 metara duljine, od 4,5mm do 14 mm presjeka (fi)<br \/>\n2. Gurtne \u2013 s om\u010dama, beskona\u010dne, s mehanizmom, kompleti\u2026<br \/>\n3. Sajle, \u010deli\u010dna u\u017ead<br \/>\n4. Lanci<br \/>\n5. Koloturnici<br \/>\n6. Kabelske uvodnice<br \/>\n7. Karabineri, kuke, stezaljke, al-\u010de stezaljke, automatske stezaljke, trafo stezaljke,Vijci, matice, \u0161kopci, alke\u2026<br \/>\n8. Vitla, vage, magneti, hvataljke, kolica<br \/>\n9. Inox program<\/p>\n<p>Za sve modele koji nisu pojedina\u010dno navedeni u proizvodima, slobodno nam se javite na <a href=\"http:\/\/kako.com.hr\/webshop\/product\/acsr-trimer-za-kabele-set-kofer-11-95000\/kako@kako.com.hr\">upit.<\/a><\/p>\n","protected":false},"excerpt":{"rendered":"<p>DEHN 785310 HIS 1600 INDUSTRIJSKI USISAVA\u010c 11.580,00 kn\/ 1.536,93 \u20ac Ostale info &amp; izvod iz kataloga na pojedina\u010dni upit. DEHN INDUSTRIJSKI USISAVA\u010c mo\u017ee se naru\u010diti slanjem ni\u017ee navedenih podatak na kako@kako.com.hr ili pozivom na 091\/296-5745 (sve ostale info). Na\u010din pla\u0107anja (prethodno se najaviti na kako@kako.com.hr ili 091\/296-5745): POUZE\u0106E ili VIRMANSKI. PODACI ZA NARUD\u017dBU : Naziv [&hellip;]<\/p>\n","protected":false},"featured_media":930,"comment_status":"open","ping_status":"closed","template":"","meta":{"_monsterinsights_skip_tracking":false,"_monsterinsights_sitenote_active":false,"_monsterinsights_sitenote_note":"","_monsterinsights_sitenote_category":0},"_links":{"self":[{"href":"https:\/\/kako.com.hr\/webshop\/wp-json\/wp\/v2\/product\/929"}],"collection":[{"href":"https:\/\/kako.com.hr\/webshop\/wp-json\/wp\/v2\/product"}],"about":[{"href":"https:\/\/kako.com.hr\/webshop\/wp-json\/wp\/v2\/types\/product"}],"replies":[{"embeddable":true,"href":"https:\/\/kako.com.hr\/webshop\/wp-json\/wp\/v2\/comments?post=929"}],"wp:featuredmedia":[{"embeddable":true,"href":"https:\/\/kako.com.hr\/webshop\/wp-json\/wp\/v2\/media\/930"}],"wp:attachment":[{"href":"https:\/\/kako.com.hr\/webshop\/wp-json\/wp\/v2\/media?parent=929"}],"curies":[{"name":"wp","href":"https:\/\/api.w.org\/{rel}","templated":true}]}}