{"id":788,"date":"2021-03-19T09:32:05","date_gmt":"2021-03-19T09:32:05","guid":{"rendered":"http:\/\/kako.com.hr\/webshop\/?post_type=product&#038;p=788"},"modified":"2022-09-04T17:56:44","modified_gmt":"2022-09-04T17:56:44","slug":"profesionalne-alu-nastavne-ljestve-3x18-gazista-14-85000-kn","status":"publish","type":"product","link":"https:\/\/kako.com.hr\/webshop\/izaberi-i-naruci\/aluminijske-ljestve\/profesionalne-alu-nastavne-ljestve-3x18-gazista-14-85000-kn\/","title":{"rendered":"Profesionalne ALU nastavne ljestve 3&#215;18 gazi\u0161ta   14.850,00 kn\/ 1.970,93 \u20ac"},"content":{"rendered":"<p>Alu nastavne ljestve 3&#215;18 gazi\u0161ta 14.850,00 kn<br \/>\nSa potpornim stupovima\/stabilizaborima<\/p>\n<p><img decoding=\"async\" loading=\"lazy\" class=\"alignnone size-full wp-image-790\" src=\"http:\/\/kako.com.hr\/webshop\/wp-content\/uploads\/2021\/03\/slika.jpg\" alt=\"\" width=\"1138\" height=\"1439\" srcset=\"https:\/\/kako.com.hr\/webshop\/wp-content\/uploads\/2021\/03\/slika.jpg 1138w, https:\/\/kako.com.hr\/webshop\/wp-content\/uploads\/2021\/03\/slika-237x300.jpg 237w, https:\/\/kako.com.hr\/webshop\/wp-content\/uploads\/2021\/03\/slika-768x971.jpg 768w, https:\/\/kako.com.hr\/webshop\/wp-content\/uploads\/2021\/03\/slika-633x800.jpg 633w, https:\/\/kako.com.hr\/webshop\/wp-content\/uploads\/2021\/03\/slika-600x759.jpg 600w\" sizes=\"(max-width: 1138px) 100vw, 1138px\" \/><\/p>\n<p>Najpovoljnije aluminijske ljestve na tr\u017ei\u0161tu.<\/p>\n<p>Mogu\u0107a dostava po cijeloj RH, besplatna dostava u Zagrebu i okolici.<\/p>\n<p>Alu nastavne ljestve 3&#215;18 gazi\u0161ta mo\u017eete naru\u010diti slanjem ni\u017ee navedenih podatak na kako@kako.com.hr ili pozivom na 091\/296-5745 (sve ostale info).<br \/>\nNa\u010din pla\u0107anja (prethodno se najaviti na kako@kako.com.hr ili 091\/296-5745): <strong>POUZE\u0106E<\/strong> ili <strong>VIRMANSKI<\/strong>.<\/p>\n<p>Proizvod mo\u017eete naru\u010diti slanjem ni\u017ee navedenih podatak na kako@kako.com.hr ili pozivom na 091\/296-5745 (sve ostale info).<\/p>\n<p><strong>PODACI ZA ZA NARUD\u017dBU :<\/strong><br \/>\nIme i Prezime ili Naziv poduze\u0107a<br \/>\nAdresa slanja<br \/>\nPo\u0161tanski broj i mjesto<br \/>\nKontakt mobitel osobe koja preuzima proizvod<\/p>\n<p><a href=\"http:\/\/kako.com.hr\/webshop\/product-category\/aluminijske-ljestve\/\">U ponudi<\/a> su sljede\u0107e aluminijske ljestve:<\/p>\n<p>1. Zglobne ljestve: 3 x 3, 3 x 4, 3 x 5<br \/>\n2. Model \u201cA\u201d dvostrane: 2, 3 ,4 gazi\u0161ta<br \/>\n3. Model \u201cA\u201d jednostrane: 3, 4, 5, 6, 7 ,8 gazi\u0161ta<br \/>\n4. Dvostrane nastavne alu ljestve: 12, 14, 16, 18, 20, 22 gazi\u0161ta (sa i bez u\u017eeta)<br \/>\n5. Trodjelne multifunkcionalne ljestve: 6, 7, 8, 9, 10, 11, 12, 14 gazi\u0161ta<br \/>\n6. Trodjelne teleskopske ljestve: 10, 12, 14, 16, 18, 20 gazi\u0161ta<br \/>\n7. Ljestve kuka\u010de sa sigurnosnim kliza\u010dem<br \/>\n8. Ljestve \u010detverodijelne sa kliza\u010dem za betonski stup.<br \/>\nSastoje od:\u00a0 a) Temeljni dio<br \/>\nb) 2 osnovna segmenta<br \/>\nc) zavr\u0161ni segment+podest+2 kliza\u010da<br \/>\n9. Jednodjelna prislona ljestve: 8, 10, 12, 14, 16, 18, 20 gazi\u0161ta<\/p>\n<p>Za sve modele koji nisu pojedina\u010dno navedeni u proizvodima, slobodno nam se javite na upit.<\/p>\n<p>UZ NAVEDENU PONUDU ALUMINIJSKIH LJESTAVA I LJESTAVA OD STAKLOPLASTIKE, U MOGU\u0106NOSTI SMO ISPORU\u010cITI I SVE OBLIKE:<\/p>\n<ul>\n<li>RADNIH PLATFORMI,<\/li>\n<li>PODESTA,<\/li>\n<li>RADNIH \u201eKO\u0160ARA\u201c,<\/li>\n<li>PROTUKLIZNIH MOSTOVA,<\/li>\n<li>ALUMINIJSKIH STEPENICA I GAZI\u0160TA,<\/li>\n<li>SKELA<\/li>\n<\/ul>\n<p>&nbsp;<\/p>\n","protected":false},"excerpt":{"rendered":"<p>Alu nastavne ljestve 3&#215;18 gazi\u0161ta 14.850,00 kn Sa potpornim stupovima\/stabilizaborima Najpovoljnije aluminijske ljestve na tr\u017ei\u0161tu. Mogu\u0107a dostava po cijeloj RH, besplatna dostava u Zagrebu i okolici. Alu nastavne ljestve 3&#215;18 gazi\u0161ta mo\u017eete naru\u010diti slanjem ni\u017ee navedenih podatak na kako@kako.com.hr ili pozivom na 091\/296-5745 (sve ostale info). Na\u010din pla\u0107anja (prethodno se najaviti na kako@kako.com.hr ili 091\/296-5745): [&hellip;]<\/p>\n","protected":false},"featured_media":789,"comment_status":"open","ping_status":"closed","template":"","meta":{"_monsterinsights_skip_tracking":false,"_monsterinsights_sitenote_active":false,"_monsterinsights_sitenote_note":"","_monsterinsights_sitenote_category":0},"_links":{"self":[{"href":"https:\/\/kako.com.hr\/webshop\/wp-json\/wp\/v2\/product\/788"}],"collection":[{"href":"https:\/\/kako.com.hr\/webshop\/wp-json\/wp\/v2\/product"}],"about":[{"href":"https:\/\/kako.com.hr\/webshop\/wp-json\/wp\/v2\/types\/product"}],"replies":[{"embeddable":true,"href":"https:\/\/kako.com.hr\/webshop\/wp-json\/wp\/v2\/comments?post=788"}],"wp:featuredmedia":[{"embeddable":true,"href":"https:\/\/kako.com.hr\/webshop\/wp-json\/wp\/v2\/media\/789"}],"wp:attachment":[{"href":"https:\/\/kako.com.hr\/webshop\/wp-json\/wp\/v2\/media?parent=788"}],"curies":[{"name":"wp","href":"https:\/\/api.w.org\/{rel}","templated":true}]}}