{"id":733,"date":"2021-01-05T10:42:38","date_gmt":"2021-01-05T10:42:38","guid":{"rendered":"http:\/\/kako.com.hr\/webshop\/?post_type=product&#038;p=733"},"modified":"2022-09-05T19:07:00","modified_gmt":"2022-09-05T19:07:00","slug":"motorizirana-kolica-za-odrzavanje-vodica-55-58000-kn","status":"publish","type":"product","link":"https:\/\/kako.com.hr\/webshop\/izaberi-i-naruci\/oprema-i-alat\/motorizirana-kolica-za-odrzavanje-vodica-55-58000-kn\/","title":{"rendered":"Motorizirana kolica za odr\u017eavanje vodi\u010da    55.580,00 kn\/ 7.376,73 \u20ac"},"content":{"rendered":"<p>Motorizirana kolica za odr\u017eavanje vodi\u010da 57.580,00 kn<\/p>\n<p><span class=\"VIiyi\" lang=\"hr\"><span class=\"JLqJ4b ChMk0b\" data-language-for-alternatives=\"hr\" data-language-to-translate-into=\"en\" data-phrase-index=\"0\">Na hidrauli\u010dki pogon,<br \/>\naluminijski vu\u010dni kota\u010di s gumenim oblogama.<br \/>\nPogodno za 2,3 ili 4 snopa vodi\u010da.<\/span><br \/>\n<\/span><span class=\"VIiyi\" lang=\"hr\">S<span class=\"JLqJ4b ChMk0b\" data-language-for-alternatives=\"hr\" data-language-to-translate-into=\"en\" data-phrase-index=\"1\">tacionarne ko\u010dnice, u\u017ead sigurnosnog okvira i broja\u010d.<br \/>\nIzra\u0111en od zavarene legure aluminija (TIG SUSTAV).<br \/>\nKarakteristike i performanse: &#8211; \u010detverotaktni benzinski motor &#8211; 4 ks (2,95 kW) &#8211;<br \/>\nMaksimalna brzina 30 m \/ min (u oba smjera)<br \/>\n<\/span><span class=\"JLqJ4b ChMk0b\" data-language-for-alternatives=\"hr\" data-language-to-translate-into=\"en\" data-phrase-index=\"2\">Maksimalni nagib 40% (22 \u00b0)<\/p>\n<p><\/span><\/span><\/p>\n<p>Motorizirana kolica za odr\u017eavanje vodi\u010da mo\u017ee se naru\u010diti slanjem ni\u017ee navedenih podatak na kako@kako.com.hr ili pozivom na 091\/296-5745 (sve ostale info).<br \/>\nNa\u010din pla\u0107anja (prethodno se najaviti na kako@kako.com.hr ili 091\/296-5745): <strong>POUZE\u0106E<\/strong> ili <strong>VIRMANSKI<\/strong>.<\/p>\n<p><a href=\"http:\/\/abarelto.hr\/article-zanimljivosti-FOR%C5%A0PAN.html\">Predstavljaju\u0107i i ostale inovativne proizvode<\/a>\u00a0svjetski renomiranih proizvo\u0111a\u010da te korisna rje\u0161enja koja oni pru\u017eaju pri radu, ovi proizvodi pru\u017eaju sigurnost i garanciju najvi\u0161eg stupnja kvalitete koja je nu\u017eno potrebna na ovom podru\u010dju rada.<\/p>\n<p><strong>PODACI ZA NARUD\u017dBU :<br \/>\n<\/strong><\/p>\n<p>Naziv proizvoda<br \/>\nKoli\u010dina<br \/>\nIme i Prezime ili Naziv poduze\u0107a<br \/>\nAdresa slanja<br \/>\nPo\u0161tanski broj i mjesto<br \/>\nKontakt mobitel osobe koja preuzima proizvod<\/p>\n<p>Ostalo iz ponud OPREME I ALATA pogledajte <a href=\"http:\/\/kako.com.hr\/webshop\/product-category\/oprema-i-alat\/\">OVDJE<\/a>.<\/p>\n<p><span class=\"VIiyi\" lang=\"hr\"><span class=\"JLqJ4b ChMk0b\" data-language-for-alternatives=\"hr\" data-language-to-translate-into=\"en\" data-phrase-index=\"2\"><\/p>\n<p><\/span><\/span><\/p>\n","protected":false},"excerpt":{"rendered":"<p>Motorizirana kolica za odr\u017eavanje vodi\u010da 57.580,00 kn Na hidrauli\u010dki pogon, aluminijski vu\u010dni kota\u010di s gumenim oblogama. Pogodno za 2,3 ili 4 snopa vodi\u010da. Stacionarne ko\u010dnice, u\u017ead sigurnosnog okvira i broja\u010d. Izra\u0111en od zavarene legure aluminija (TIG SUSTAV). Karakteristike i performanse: &#8211; \u010detverotaktni benzinski motor &#8211; 4 ks (2,95 kW) &#8211; Maksimalna brzina 30 m \/ [&hellip;]<\/p>\n","protected":false},"featured_media":734,"comment_status":"open","ping_status":"closed","template":"","meta":{"_monsterinsights_skip_tracking":false,"_monsterinsights_sitenote_active":false,"_monsterinsights_sitenote_note":"","_monsterinsights_sitenote_category":0},"_links":{"self":[{"href":"https:\/\/kako.com.hr\/webshop\/wp-json\/wp\/v2\/product\/733"}],"collection":[{"href":"https:\/\/kako.com.hr\/webshop\/wp-json\/wp\/v2\/product"}],"about":[{"href":"https:\/\/kako.com.hr\/webshop\/wp-json\/wp\/v2\/types\/product"}],"replies":[{"embeddable":true,"href":"https:\/\/kako.com.hr\/webshop\/wp-json\/wp\/v2\/comments?post=733"}],"wp:featuredmedia":[{"embeddable":true,"href":"https:\/\/kako.com.hr\/webshop\/wp-json\/wp\/v2\/media\/734"}],"wp:attachment":[{"href":"https:\/\/kako.com.hr\/webshop\/wp-json\/wp\/v2\/media?parent=733"}],"curies":[{"name":"wp","href":"https:\/\/api.w.org\/{rel}","templated":true}]}}