{"id":714,"date":"2020-11-26T10:29:07","date_gmt":"2020-11-26T10:29:07","guid":{"rendered":"http:\/\/kako.com.hr\/webshop\/?post_type=product&#038;p=714"},"modified":"2025-04-07T12:08:57","modified_gmt":"2025-04-07T12:08:57","slug":"pfisterer-tropolni-uzemljivac-i-kratkospajac-3pcu-50-25-mm2-4-45000-kn","status":"publish","type":"product","link":"https:\/\/kako.com.hr\/webshop\/izaberi-i-naruci\/oprema-i-alat\/pfisterer-tropolni-uzemljivac-i-kratkospajac-3pcu-50-25-mm2-4-45000-kn\/","title":{"rendered":"Tropolni uzemljiva\u010d i kratkospaja\u010d 3pCu 50\/25 mm2   4.850,00 kn\/ 643,71 \u20ac"},"content":{"rendered":"<p>Tropolni uzemljiva\u010d i kratkospaja\u010d 3pCu 50\/25 mm2 s 3 fazne i 1 uzemljiva\u010dkom stezaljkom 4.850,00 kn<\/p>\n<p>U ponudi su i ve\u0107e kvadrature &#8211; dostupne na pojedina\u010dni upit.<\/p>\n<p>Uz njega dodatno ide Izolacijska Motka za postavljanje uzemljiva\u010da &#8211; 1.152,00 kn<\/p>\n<p>Tropolni uzemljiva\u010d i kratkospaja\u010d 3pCu 50\/25 mm2mo\u017ee se naru\u010diti slanjem ni\u017ee navedenih podatak na kako@kako.com.hr ili pozivom na 091\/296-5745 (sve ostale info).<br \/>\nNa\u010din pla\u0107anja (prethodno se najaviti na kako@kako.com.hr ili 091\/296-5745): <strong>POUZE\u0106E<\/strong> ili <strong>VIRMANSKI<\/strong>.<\/p>\n<p><a href=\"http:\/\/abarelto.hr\/article-zanimljivosti-FOR%C5%A0PAN.html\">Predstavljaju\u0107i i ostale inovativne proizvode<\/a>\u00a0svjetski renomiranih proizvo\u0111a\u010da te korisna rje\u0161enja koja oni pru\u017eaju pri radu, ovi proizvodi pru\u017eaju sigurnost i garanciju najvi\u0161eg stupnja kvalitete koja je nu\u017eno potrebna na ovom podru\u010dju rada.<\/p>\n<p><strong>PODACI ZA NARUD\u017dBU :<br \/>\n<\/strong><\/p>\n<p>Naziv proizvoda<br \/>\nKoli\u010dina<br \/>\nIme i Prezime ili Naziv poduze\u0107a<br \/>\nAdresa slanja<br \/>\nPo\u0161tanski broj i mjesto<br \/>\nKontakt mobitel osobe koja preuzima proizvod<\/p>\n<p>Ostalo iz ponud OPREME I ALATA pogledajte <a href=\"http:\/\/kako.com.hr\/webshop\/product-category\/oprema-i-alat\/\">OVDJE<\/a>.<\/p>\n","protected":false},"excerpt":{"rendered":"<p>Tropolni uzemljiva\u010d i kratkospaja\u010d 3pCu 50\/25 mm2 s 3 fazne i 1 uzemljiva\u010dkom stezaljkom 4.850,00 kn U ponudi su i ve\u0107e kvadrature &#8211; dostupne na pojedina\u010dni upit. Uz njega dodatno ide Izolacijska Motka za postavljanje uzemljiva\u010da &#8211; 1.152,00 kn Tropolni uzemljiva\u010d i kratkospaja\u010d 3pCu 50\/25 mm2mo\u017ee se naru\u010diti slanjem ni\u017ee navedenih podatak na kako@kako.com.hr ili [&hellip;]<\/p>\n","protected":false},"featured_media":715,"comment_status":"open","ping_status":"closed","template":"","meta":{"_monsterinsights_skip_tracking":false,"_monsterinsights_sitenote_active":false,"_monsterinsights_sitenote_note":"","_monsterinsights_sitenote_category":0},"_links":{"self":[{"href":"https:\/\/kako.com.hr\/webshop\/wp-json\/wp\/v2\/product\/714"}],"collection":[{"href":"https:\/\/kako.com.hr\/webshop\/wp-json\/wp\/v2\/product"}],"about":[{"href":"https:\/\/kako.com.hr\/webshop\/wp-json\/wp\/v2\/types\/product"}],"replies":[{"embeddable":true,"href":"https:\/\/kako.com.hr\/webshop\/wp-json\/wp\/v2\/comments?post=714"}],"wp:featuredmedia":[{"embeddable":true,"href":"https:\/\/kako.com.hr\/webshop\/wp-json\/wp\/v2\/media\/715"}],"wp:attachment":[{"href":"https:\/\/kako.com.hr\/webshop\/wp-json\/wp\/v2\/media?parent=714"}],"curies":[{"name":"wp","href":"https:\/\/api.w.org\/{rel}","templated":true}]}}