{"id":700,"date":"2020-10-30T08:19:23","date_gmt":"2020-10-30T08:19:23","guid":{"rendered":"http:\/\/kako.com.hr\/webshop\/?post_type=product&#038;p=700"},"modified":"2022-11-22T13:09:08","modified_gmt":"2022-11-22T13:09:08","slug":"digitalni-uredaj-za-mjerenje-duljine-kabela-3-45000-kn","status":"publish","type":"product","link":"https:\/\/kako.com.hr\/webshop\/izaberi-i-naruci\/mjerni-uredaji\/digitalni-uredaj-za-mjerenje-duljine-kabela-3-45000-kn\/","title":{"rendered":"Digitalni ure\u0111aj za mjerenje duljine kabela    4.680,00 kn\/ 621,15 \u20ac"},"content":{"rendered":"<p>Digitalni ure\u0111aj za mjerenje duljine kabela 4.680,00 kn<\/p>\n<p>Opis:<br \/>\nDigitalni zaslon 3000<br \/>\nPozadinsko osvjetljenje<br \/>\nZa bakrene i aluminijske kabele 5m &#8211; 2000m<br \/>\nPrikaz u boji<br \/>\nMjerenje duljine kabela<br \/>\nMemorija za 99 izmjerenih vrijednosti<br \/>\nMjerenje impulsnog odraza<br \/>\nRezolucija 10 cm<br \/>\nAutomatsko isklju\u010divanje<br \/>\nDimenzije 152 x 61 x 38 mm<br \/>\nOpseg isporuke: kop\u010de od aligatora, torba,<br \/>\nIspitni kabel, baterija 2 x 1,5V AA,<br \/>\nUz proizvod ide priru\u010dnik za rad<\/p>\n<p>Digitalni ure\u0111aj za mjerenje duljine kabela mo\u017ee se naru\u010diti slanjem ni\u017ee navedenih podatak na kako@kako.com.hr ili pozivom na 091\/296-5745 (sve ostale info).<br \/>\nNa\u010din pla\u0107anja (prethodno se najaviti na kako@kako.com.hr ili 091\/296-5745):\u00a0<strong>POUZE\u0106E<\/strong>\u00a0ili\u00a0<strong>VIRMANSKI<\/strong>.<br \/>\nSvi proizvodi su novi, zapakirani, ne kori\u0161teni!<\/p>\n<p><strong>PODACI ZA NARUD\u017dBU :<br \/>\n<\/strong><\/p>\n<p>Naziv proizvoda<br \/>\nKoli\u010dina<br \/>\nIme i Prezime ili Naziv poduze\u0107a<br \/>\nAdresa slanja<br \/>\nPo\u0161tanski broj i mjesto<br \/>\nKontakt mobitel osobe koja preuzima proizvod<\/p>\n<p><a href=\"http:\/\/abarelto.hr\/article-zanimljivosti-FOR%C5%A0PAN.html\">Predstavljaju\u0107i i ostale inovativne proizvode<\/a>\u00a0svjetski renomiranih proizvo\u0111a\u010da te korisna rje\u0161enja koja oni pru\u017eaju pri radu, ovi proizvodi pru\u017eaju sigurnost i garanciju najvi\u0161eg stupnja kvalitete koja je nu\u017eno potrebna na ovom podru\u010dju rada.<\/p>\n","protected":false},"excerpt":{"rendered":"<p>Digitalni ure\u0111aj za mjerenje duljine kabela 4.680,00 kn Opis: Digitalni zaslon 3000 Pozadinsko osvjetljenje Za bakrene i aluminijske kabele 5m &#8211; 2000m Prikaz u boji Mjerenje duljine kabela Memorija za 99 izmjerenih vrijednosti Mjerenje impulsnog odraza Rezolucija 10 cm Automatsko isklju\u010divanje Dimenzije 152 x 61 x 38 mm Opseg isporuke: kop\u010de od aligatora, torba, Ispitni [&hellip;]<\/p>\n","protected":false},"featured_media":701,"comment_status":"open","ping_status":"closed","template":"","meta":{"_monsterinsights_skip_tracking":false,"_monsterinsights_sitenote_active":false,"_monsterinsights_sitenote_note":"","_monsterinsights_sitenote_category":0},"_links":{"self":[{"href":"https:\/\/kako.com.hr\/webshop\/wp-json\/wp\/v2\/product\/700"}],"collection":[{"href":"https:\/\/kako.com.hr\/webshop\/wp-json\/wp\/v2\/product"}],"about":[{"href":"https:\/\/kako.com.hr\/webshop\/wp-json\/wp\/v2\/types\/product"}],"replies":[{"embeddable":true,"href":"https:\/\/kako.com.hr\/webshop\/wp-json\/wp\/v2\/comments?post=700"}],"wp:featuredmedia":[{"embeddable":true,"href":"https:\/\/kako.com.hr\/webshop\/wp-json\/wp\/v2\/media\/701"}],"wp:attachment":[{"href":"https:\/\/kako.com.hr\/webshop\/wp-json\/wp\/v2\/media?parent=700"}],"curies":[{"name":"wp","href":"https:\/\/api.w.org\/{rel}","templated":true}]}}