{"id":646,"date":"2020-09-04T07:26:33","date_gmt":"2020-09-04T07:26:33","guid":{"rendered":"http:\/\/kako.com.hr\/webshop\/?post_type=product&#038;p=646"},"modified":"2022-09-04T18:28:26","modified_gmt":"2022-09-04T18:28:26","slug":"visokokvalitetna-natezna-dizalica-05t-2-95000-kn","status":"publish","type":"product","link":"https:\/\/kako.com.hr\/webshop\/izaberi-i-naruci\/dizalice-i-gurtne-uzad\/visokokvalitetna-natezna-dizalica-05t-2-95000-kn\/","title":{"rendered":"Visokokvalitetna natezna dizalica  0,5T  2.950,00 kn\/ 391,53 \u20ac"},"content":{"rendered":"<p>Visokokvalitetna natezna dizalica 0,5T 2.950,00 kn (du\u017eina lanca 3,8\/7,6 m)<\/p>\n<p>1T\u00a0\u00a0\u00a0\u00a0\u00a0\u00a0\u00a0 3.200,00 kn (du\u017eina lanca 1,5\/3,0 m)<br \/>\n1T\u00a0\u00a0\u00a0\u00a0\u00a0\u00a0\u00a0 4.100,00 kn (du\u017eina lanca 4,4\/8,8 m)<br \/>\n1,4T\u00a0\u00a0\u00a0\u00a0 4.400,00 kn (du\u017eina lanca 3,0\/6,0 m)<br \/>\n1,8T\u00a0\u00a0\u00a0\u00a0 7.590,00 kn (du\u017eina lanca 2,2\/4,4 m)<\/p>\n<p><strong>Sa CE izjavom o sukladnosti i T\u00dcV testom;<\/strong><\/p>\n<p>&#8211; ALU lagana konstrukcija<br \/>\n&#8211; robustna i univerzalno primjenjiva<br \/>\n&#8211; jednostavna za kori\u0161tenje<\/p>\n<p>Mogu\u0107a dostava po cijeloj RH, besplatna dostava u Zagrebu i okolici.<\/p>\n<p>Visokokvalitetna natezna dizalica mo\u017ee se naru\u010diti slanjem ni\u017ee navedenih podatak na kako@kako.com.hr ili pozivom na 091\/296-5745 (za sve ostale info).<br \/>\nNa\u010din pla\u0107anja (prethodno se najaviti na kako@kako.com.hr ili 091\/296-5745): <strong>POUZE\u0106E<\/strong> ili <strong>VIRMANSKI<\/strong>.<\/p>\n<p><strong>PODACI ZA NARUD\u017dBU :<\/strong><\/p>\n<p>NAZIV PROIZVODA<br \/>\nKoli\u010dina<br \/>\nIme i Prezime ili Naziv poduze\u0107a<br \/>\nAdresa slanja<br \/>\nPo\u0161tanski broj i mjesto<br \/>\nKontakt mobitel osobe koja preuzima proizvod<\/p>\n<p><a href=\"http:\/\/kako.com.hr\/webshop\/product-category\/dizalice\/\"> U ponudi su dizalice<\/a> za razli\u010dite namjene i s karakteristikama.<\/p>\n<p>1. Polu\u017ena dizalica \u2013 \u201cpull lift\u201d<br \/>\n2. Ru\u010dna lan\u010dana dizalica \u2013 \u201cfla\u0161encug\u201d<br \/>\n3. Tyrfor dizalica \u2013 model od \u010delika i od aluminija<br \/>\n4. Elektri\u010dna dizalica<br \/>\n5. Hidrauli\u010dna dizalica \u2013 \u201cpa\u0161teta\u201d i \u201cmulti pa\u0161teta\u201d<br \/>\n6. Kolska dizalica<br \/>\n7. Zatezna dizalice<br \/>\n9. Krokodilska dizalica<br \/>\n10. Ru\u010dni vili\u010dar \u2013 \u201cpaletarac\u201d<\/p>\n<p>Za sve modele koji nisu pojedina\u010dno navedeni u proizvodima, slobodno nam se javite na upit.<\/p>\n<p>&nbsp;<\/p>\n<p>&nbsp;<\/p>\n","protected":false},"excerpt":{"rendered":"<p>Visokokvalitetna natezna dizalica 0,5T 2.950,00 kn (du\u017eina lanca 3,8\/7,6 m) 1T\u00a0\u00a0\u00a0\u00a0\u00a0\u00a0\u00a0 3.200,00 kn (du\u017eina lanca 1,5\/3,0 m) 1T\u00a0\u00a0\u00a0\u00a0\u00a0\u00a0\u00a0 4.100,00 kn (du\u017eina lanca 4,4\/8,8 m) 1,4T\u00a0\u00a0\u00a0\u00a0 4.400,00 kn (du\u017eina lanca 3,0\/6,0 m) 1,8T\u00a0\u00a0\u00a0\u00a0 7.590,00 kn (du\u017eina lanca 2,2\/4,4 m) Sa CE izjavom o sukladnosti i T\u00dcV testom; &#8211; ALU lagana konstrukcija &#8211; robustna i univerzalno primjenjiva [&hellip;]<\/p>\n","protected":false},"featured_media":647,"comment_status":"open","ping_status":"closed","template":"","meta":{"_monsterinsights_skip_tracking":false,"_monsterinsights_sitenote_active":false,"_monsterinsights_sitenote_note":"","_monsterinsights_sitenote_category":0},"_links":{"self":[{"href":"https:\/\/kako.com.hr\/webshop\/wp-json\/wp\/v2\/product\/646"}],"collection":[{"href":"https:\/\/kako.com.hr\/webshop\/wp-json\/wp\/v2\/product"}],"about":[{"href":"https:\/\/kako.com.hr\/webshop\/wp-json\/wp\/v2\/types\/product"}],"replies":[{"embeddable":true,"href":"https:\/\/kako.com.hr\/webshop\/wp-json\/wp\/v2\/comments?post=646"}],"wp:featuredmedia":[{"embeddable":true,"href":"https:\/\/kako.com.hr\/webshop\/wp-json\/wp\/v2\/media\/647"}],"wp:attachment":[{"href":"https:\/\/kako.com.hr\/webshop\/wp-json\/wp\/v2\/media?parent=646"}],"curies":[{"name":"wp","href":"https:\/\/api.w.org\/{rel}","templated":true}]}}