{"id":294,"date":"2018-11-20T12:16:55","date_gmt":"2018-11-20T12:16:55","guid":{"rendered":"http:\/\/kako.com.hr\/webshop\/?post_type=product&#038;p=294"},"modified":"2022-09-05T19:28:04","modified_gmt":"2022-09-05T19:28:04","slug":"bezicni-wireless-punjac-15900-kn","status":"publish","type":"product","link":"https:\/\/kako.com.hr\/webshop\/izaberi-i-naruci\/poslovni-pokloni\/bezicni-wireless-punjac-15900-kn\/","title":{"rendered":"Be\u017ei\u010dni Wireless punja\u010d     159,00 kn\/ 21,10 \u20ac"},"content":{"rendered":"<p>Be\u017ei\u010dni Wireless punja\u010d 159,00 kn<\/p>\n<p>Be\u017ei\u010dni Wireless? punja\u010d Qi 2u1 + Powerbank baterija 10.000mAh?<\/p>\n<p>\u27a1 Touch-and-Charge: Jednostavno stavite Va\u0161 smartphone? na punja\u010d i on \u0107e se automatski puniti (bez kabla)\u267b<br \/>\n?PREDNOSTI?: Mo\u017ee se koristiti normalno kao prijenosna baterija (powerbank 10.000mAh). Kompatibilan sa svim ure\u0111ajima koji imaju USB punja\u010d \u2705 Ima brzo ?\u200d\u2642\ufe0fpunjenje (2.1A)<br \/>\n\u2705 LED Indikator stanja baterije?<br \/>\n\u2705 Qi input \u2013 Eksterna baterija se isto mo\u017ee puniti be\u017ei\u010dno<br \/>\n\u2705 U kompletu dolazi USB kabel ?<\/p>\n<p>?Be\u017ei\u010dno punjenje radi isklju\u010divo s mobitelima s Qi tehnologijom<br \/>\n?Za mobitele koji nemaju QI tehnologiju, mo\u017ee se kupiti Qi receiver \/ adapter koji do\u0111e u du\u0107anima od oko 50 do 100 HRK<\/p>\n<p>?Be\u017ei\u010dno punjenje radi isklju\u010divo s mobitelima s Qi tehnologijom<br \/>\nTrenutno Qi kompatibilni mobiteli:<br \/>\niPhone X, iPhone 8 i iPhone 8 Plus<br \/>\nSamsung Galaxy S9 \/ S8 \/ S7 \/ S6 (uklju\u010deni i EDGE i Plus modeli) \/ Note 8\/7\/5<br \/>\nNOKIA Lumia 735\/830\/920\/928\/930\/1520<br \/>\nHTC 8X\/Droid\/Thunderbolt<br \/>\nSony Xperia Z4V\/Z3V<br \/>\nLG Optimus G PRO\/G6\/G4\/G3\/V30<\/p>\n<p>?Za mobitele koji nemaju QI tehnologiju, mo\u017ee se kupiti Qi receiver \/ adapter koji do\u0111e u du\u0107anima od oko 50 do 100 HRK.<\/p>\n<p>Be\u017ei\u010dni Wireless punja\u010d mo\u017ee se naru\u010diti slanjem ni\u017ee navedenih podatak na kako@kako.com.hr ili pozivom na 091\/296-5745 (sve ostale info).<br \/>\nNa\u010din pla\u0107anja (prethodno se najaviti na kako@kako.com.hr ili 091\/296-5745):\u00a0<strong>POUZE\u0106E<\/strong>\u00a0ili\u00a0<strong>VIRMANSKI<\/strong>.<br \/>\nSvi proizvodi su novi, zapakirani, ne kori\u0161teni!<\/p>\n<p><strong>PODACI ZA NARUD\u017dBU :<br \/>\n<\/strong><\/p>\n<p>Naziv proizvoda<br \/>\nKoli\u010dina<br \/>\nIme i Prezime ili Naziv poduze\u0107a<br \/>\nAdresa slanja<br \/>\nPo\u0161tanski broj i mjesto<br \/>\nKontakt mobitel osobe koja preuzima proizvod<\/p>\n<p>\u0160kicnite i na ostale <a href=\"http:\/\/kako.com.hr\/webshop\/product-category\/poslovni-pokloni\/\">POSLOVNE POKLONE<\/a><\/p>\n","protected":false},"excerpt":{"rendered":"<p>Be\u017ei\u010dni Wireless punja\u010d 159,00 kn Be\u017ei\u010dni Wireless? punja\u010d Qi 2u1 + Powerbank baterija 10.000mAh? \u27a1 Touch-and-Charge: Jednostavno stavite Va\u0161 smartphone? na punja\u010d i on \u0107e se automatski puniti (bez kabla)\u267b ?PREDNOSTI?: Mo\u017ee se koristiti normalno kao prijenosna baterija (powerbank 10.000mAh). Kompatibilan sa svim ure\u0111ajima koji imaju USB punja\u010d \u2705 Ima brzo ?\u200d\u2642\ufe0fpunjenje (2.1A) \u2705 LED [&hellip;]<\/p>\n","protected":false},"featured_media":295,"comment_status":"open","ping_status":"closed","template":"","meta":{"_monsterinsights_skip_tracking":false,"_monsterinsights_sitenote_active":false,"_monsterinsights_sitenote_note":"","_monsterinsights_sitenote_category":0},"_links":{"self":[{"href":"https:\/\/kako.com.hr\/webshop\/wp-json\/wp\/v2\/product\/294"}],"collection":[{"href":"https:\/\/kako.com.hr\/webshop\/wp-json\/wp\/v2\/product"}],"about":[{"href":"https:\/\/kako.com.hr\/webshop\/wp-json\/wp\/v2\/types\/product"}],"replies":[{"embeddable":true,"href":"https:\/\/kako.com.hr\/webshop\/wp-json\/wp\/v2\/comments?post=294"}],"wp:featuredmedia":[{"embeddable":true,"href":"https:\/\/kako.com.hr\/webshop\/wp-json\/wp\/v2\/media\/295"}],"wp:attachment":[{"href":"https:\/\/kako.com.hr\/webshop\/wp-json\/wp\/v2\/media?parent=294"}],"curies":[{"name":"wp","href":"https:\/\/api.w.org\/{rel}","templated":true}]}}