{"id":203,"date":"2018-08-09T07:32:04","date_gmt":"2018-08-09T07:32:04","guid":{"rendered":"http:\/\/kako.com.hr\/webshop\/?post_type=product&#038;p=203"},"modified":"2022-09-04T18:26:05","modified_gmt":"2022-09-04T18:26:05","slug":"pvc-traka-pozor-energetski-kabel-1190-kn-m","status":"publish","type":"product","link":"https:\/\/kako.com.hr\/webshop\/izaberi-i-naruci\/dizajn-i-pvc-trake-s-natpisom\/pvc-traka-pozor-energetski-kabel-1190-kn-m\/","title":{"rendered":"PVC traka &#8220;POZOR ENERGETSKI KABEL&#8221;    3,90 kn\/m 0,52 \u20ac\/m"},"content":{"rendered":"<p>PVC traka &#8220;POZOR ENERGETSKI KABEL&#8221; 3,90 kn\/m<\/p>\n<p>Na ve\u0107u koli\u010dinu, odobravamo popust.<\/p>\n<p>Za sve ostale varijante, ponudu \u0161aljemo na pojedina\u010dni upit.<\/p>\n<p>PVC traka &#8220;POZOR ENERGETSKI KABEL&#8221; mo\u017ee se naru\u010diti slanjem ni\u017ee navedenih podatak na kako@kako.com.hr ili pozivom na 091\/296-5745 (sve ostale info).<br \/>\nNa\u010din pla\u0107anja (prethodno se najaviti na kako@kako.com.hr ili 091\/296-5745):\u00a0<strong>POUZE\u0106E<\/strong>\u00a0ili\u00a0<strong>VIRMANSKI<\/strong>.<br \/>\nSvi proizvodi su novi, zapakirani, ne kori\u0161teni!<\/p>\n<p><strong>PODACI ZA NARUD\u017dBU :<br \/>\n<\/strong><\/p>\n<p>Naziv proizvoda<br \/>\nKoli\u010dina<br \/>\nIme i Prezime ili Naziv poduze\u0107a<br \/>\nAdresa slanja<br \/>\nPo\u0161tanski broj i mjesto<br \/>\nKontakt mobitel osobe koja preuzima proizvod<\/p>\n<p>Izrada PE traka s natpisima upozorenja, opasnosti i ostaloga po potrebi kupaca.<br \/>\nKompletna ponuda koja se sastoji od:<\/p>\n<p>1. GRAFI\u010cKI DIZAJN<br \/>\n2. IZRADA KLI\u0160EJA<br \/>\n3. PRIPREMA ZA TISAK<br \/>\n4. TISAK NA PE I OSTALE MATERIJALE<\/p>\n<p><a href=\"http:\/\/kako.com.hr\/webshop\/product-category\/dizajn-i-pvc-trake-s-natpisom\/\">Iz ostale ponude<\/a> gotovih kli\u0161eja izdvajamo:<br \/>\n1. \u201cPOZOR PLIN\u201d<br \/>\n2. \u201cPOZOR Privremeno uzemljeno WARNING Temporary earthed\u201d<br \/>\n3. \u201cPOZOR ENERGETSKI KABEL\u201d<br \/>\n4. \u201cPOZOR KANALIZACIJA\u201d<br \/>\n5. \u201cPOZOR VISOKI NAPON\u201d<br \/>\n6. \u201cPOZOR KANALIZACIJA\u201d<\/p>\n<p>Uz to smo u mogu\u0107nosti proizvesti i ostale plasti\u010dne modele na zahtjev kupca.<\/p>\n","protected":false},"excerpt":{"rendered":"<p>PVC traka &#8220;POZOR ENERGETSKI KABEL&#8221; 3,90 kn\/m Na ve\u0107u koli\u010dinu, odobravamo popust. Za sve ostale varijante, ponudu \u0161aljemo na pojedina\u010dni upit. PVC traka &#8220;POZOR ENERGETSKI KABEL&#8221; mo\u017ee se naru\u010diti slanjem ni\u017ee navedenih podatak na kako@kako.com.hr ili pozivom na 091\/296-5745 (sve ostale info). Na\u010din pla\u0107anja (prethodno se najaviti na kako@kako.com.hr ili 091\/296-5745):\u00a0POUZE\u0106E\u00a0ili\u00a0VIRMANSKI. Svi proizvodi su novi, [&hellip;]<\/p>\n","protected":false},"featured_media":204,"comment_status":"open","ping_status":"closed","template":"","meta":{"_monsterinsights_skip_tracking":false,"_monsterinsights_sitenote_active":false,"_monsterinsights_sitenote_note":"","_monsterinsights_sitenote_category":0},"_links":{"self":[{"href":"https:\/\/kako.com.hr\/webshop\/wp-json\/wp\/v2\/product\/203"}],"collection":[{"href":"https:\/\/kako.com.hr\/webshop\/wp-json\/wp\/v2\/product"}],"about":[{"href":"https:\/\/kako.com.hr\/webshop\/wp-json\/wp\/v2\/types\/product"}],"replies":[{"embeddable":true,"href":"https:\/\/kako.com.hr\/webshop\/wp-json\/wp\/v2\/comments?post=203"}],"wp:featuredmedia":[{"embeddable":true,"href":"https:\/\/kako.com.hr\/webshop\/wp-json\/wp\/v2\/media\/204"}],"wp:attachment":[{"href":"https:\/\/kako.com.hr\/webshop\/wp-json\/wp\/v2\/media?parent=203"}],"curies":[{"name":"wp","href":"https:\/\/api.w.org\/{rel}","templated":true}]}}